{"id":61,"date":"2025-04-28T02:30:54","date_gmt":"2025-04-28T05:30:54","guid":{"rendered":"https:\/\/arpresentes.com.br\/shop\/product\/saquinho-de-tecido-personalizado-ana-castela-rosa\/"},"modified":"2025-04-28T03:05:31","modified_gmt":"2025-04-28T06:05:31","slug":"saquinho-de-tecido-personalizado-ana-castela-rosa","status":"publish","type":"product","link":"https:\/\/arpresentes.com.br\/shop\/product\/saquinho-de-tecido-personalizado-ana-castela-rosa\/","title":{"rendered":"Saquinho de Tecido Personalizado \u2013 Ana Castela Rosa"},"content":{"rendered":"<p>Transforme momentos especiais em lembran\u00e7as eternas com nosso exclusivo Saquinho de Tecido Personalizado \u2013 Ana Castela Rosa!<br \/>\nCada pe\u00e7a \u00e9 feita sob medida para celebrar com delicadeza e carinho os momentos mais importantes da sua vida.<\/p>\n<p>\u2728 Detalhes do Produto:<br \/>\n&#8211; Material: Tecido Oxford creme (Gramatura 142g\/m\u00b2)<br \/>\n&#8211; Tamanho: 11 cm (largura) x 17 cm (altura) (pequena varia\u00e7\u00e3o de at\u00e9 1 cm devido \u00e0 costura artesanal)<br \/>\n&#8211; Estampa: Sublima\u00e7\u00e3o digital de alta resolu\u00e7\u00e3o \u2013 cores vivas e dur\u00e1veis<br \/>\n&#8211; \u00c1rea de Personaliza\u00e7\u00e3o: 10 cm (largura) x 8,5 cm (altura)<br \/>\n&#8211; Cord\u00e3o incluso para amarra\u00e7\u00e3o (feita pelo cliente)<br \/>\n&#8211; Produ\u00e7\u00e3o artesanal, acabamento sofisticado<\/p>\n<p>\ud83c\udf81 Ideal para:<br \/>\nBatizados, Casamentos, Anivers\u00e1rios, Maternidade, Ch\u00e1 de Beb\u00ea e muito mais!<br \/>\nPerfeito para embalar doces, ter\u00e7os, am\u00eandoas, pequenas lembran\u00e7as ou mimos especiais.<\/p>\n<p>\ud83d\udd8c\ufe0f Personaliza\u00e7\u00e3o Exclusiva:<br \/>\n&#8211; Personalizamos com imagem, nome e idade.<br \/>\n&#8211; Aceitamos artes exclusivas enviadas por voc\u00ea!<\/p>\n<p>Prazo de confec\u00e7\u00e3o: at\u00e9 5 dias \u00fateis.<br \/>\nUma lembran\u00e7a feita com amor, para tornar seu evento inesquec\u00edvel! \ud83d\udc96<\/p>\n","protected":false},"excerpt":{"rendered":"<p>Saquinho personalizado em tecido Oxford &#8211; modelo Ana Castela Rosa.<\/p>\n","protected":false},"featured_media":71,"comment_status":"open","ping_status":"closed","template":"","meta":[],"product_brand":[],"product_cat":[15],"product_tag":[61,32,33,34,62,35,36,37,38,39,40,41,42,43,44,45,46,47,55,56,50,51,52,53,48,49,66,63,64,59,60,57,58,78,80,21,76,26,27,25,67,20,72,86,87,82,65,22,69,81,31,74,75,23,85,68,73,79,77,84,24,30,19,70,29,28,18,71,83,54],"class_list":{"0":"post-61","1":"product","2":"type-product","3":"status-publish","4":"has-post-thumbnail","6":"product_cat-uncategorized","7":"product_tag-aladdin","8":"product_tag-ana-castela","9":"product_tag-ana-castela-rosa","10":"product_tag-ana-castela-roupa-preta","11":"product_tag-animais-fazendinha","12":"product_tag-anjinho-batizado","13":"product_tag-astronauta","14":"product_tag-aurora-bela-adormecida","15":"product_tag-bela-e-a-fera","16":"product_tag-boiadeira","17":"product_tag-borboleta","18":"product_tag-branca-de-neve","19":"product_tag-branca-de-neve-adulta","20":"product_tag-branca-de-neve-baby","21":"product_tag-branca-de-neve-cute","22":"product_tag-brawl-stars","23":"product_tag-capitao-america","24":"product_tag-carros","25":"product_tag-casamento","26":"product_tag-casamento-personalizados","27":"product_tag-cha-revelacao","28":"product_tag-cha-revelacao-elefante","29":"product_tag-cha-revelacao-menina-e-menino","30":"product_tag-cha-revelacao-rosa-e-azul","31":"product_tag-cinderela","32":"product_tag-coelho-da-pascoa","33":"product_tag-dia-das-maes","34":"product_tag-divertidamente","35":"product_tag-feliz-pascoa","36":"product_tag-frozen","37":"product_tag-frozen-2","38":"product_tag-futebol","39":"product_tag-futebol-bola","40":"product_tag-homenagem-dia-das-maes","41":"product_tag-kit-dia-das-maes","42":"product_tag-lembranca-artesanal","43":"product_tag-lembranca-dia-das-maes","44":"product_tag-lembrancinha-batizado","45":"product_tag-lembrancinha-casamento","46":"product_tag-lembrancinha-cha-de-bebe","47":"product_tag-lembrancinha-dia-das-maes","48":"product_tag-lembrancinha-personalizada","49":"product_tag-mae","50":"product_tag-mae-e-tudo","51":"product_tag-mae-merece","52":"product_tag-mae-personalizada","53":"product_tag-meu-batizado","54":"product_tag-mimo-de-festa","55":"product_tag-mimo-dia-das-maes","56":"product_tag-mimo-especial-para-mae","57":"product_tag-mimo-infantil","58":"product_tag-mimo-para-mae","59":"product_tag-presente-artesanal-dia-das-maes","60":"product_tag-presente-criativo","61":"product_tag-presente-delicado-dia-das-maes","62":"product_tag-presente-dia-das-maes","63":"product_tag-presente-para-mae","64":"product_tag-presentes-criativos-dia-das-maes","65":"product_tag-sacolinha-dia-das-maes","66":"product_tag-sacolinha-dia-das-maes-personalizada","67":"product_tag-sacolinha-personalizada","68":"product_tag-saquinho-com-nome","69":"product_tag-saquinho-de-tecido","70":"product_tag-saquinho-dia-das-maes","71":"product_tag-saquinho-para-convidados","72":"product_tag-saquinho-para-doces","73":"product_tag-saquinho-personalizado","74":"product_tag-saquinho-personalizado-dia-das-maes","75":"product_tag-saquinho-presente-dia-das-maes","76":"product_tag-ursinhos","78":"first","79":"instock","80":"sale","81":"taxable","82":"shipping-taxable","83":"purchasable","84":"product-type-simple"},"_links":{"self":[{"href":"https:\/\/arpresentes.com.br\/shop\/wp-json\/wp\/v2\/product\/61","targetHints":{"allow":["GET"]}}],"collection":[{"href":"https:\/\/arpresentes.com.br\/shop\/wp-json\/wp\/v2\/product"}],"about":[{"href":"https:\/\/arpresentes.com.br\/shop\/wp-json\/wp\/v2\/types\/product"}],"replies":[{"embeddable":true,"href":"https:\/\/arpresentes.com.br\/shop\/wp-json\/wp\/v2\/comments?post=61"}],"wp:featuredmedia":[{"embeddable":true,"href":"https:\/\/arpresentes.com.br\/shop\/wp-json\/wp\/v2\/media\/71"}],"wp:attachment":[{"href":"https:\/\/arpresentes.com.br\/shop\/wp-json\/wp\/v2\/media?parent=61"}],"wp:term":[{"taxonomy":"product_brand","embeddable":true,"href":"https:\/\/arpresentes.com.br\/shop\/wp-json\/wp\/v2\/product_brand?post=61"},{"taxonomy":"product_cat","embeddable":true,"href":"https:\/\/arpresentes.com.br\/shop\/wp-json\/wp\/v2\/product_cat?post=61"},{"taxonomy":"product_tag","embeddable":true,"href":"https:\/\/arpresentes.com.br\/shop\/wp-json\/wp\/v2\/product_tag?post=61"}],"curies":[{"name":"wp","href":"https:\/\/api.w.org\/{rel}","templated":true}]}}