{"id":66,"date":"2025-04-28T02:30:54","date_gmt":"2025-04-28T05:30:54","guid":{"rendered":"https:\/\/arpresentes.com.br\/shop\/product\/saquinho-de-tecido-personalizado-batizado-menina-mod-2\/"},"modified":"2025-04-28T03:09:49","modified_gmt":"2025-04-28T06:09:49","slug":"saquinho-de-tecido-personalizado-batizado-menina-mod-2","status":"publish","type":"product","link":"https:\/\/arpresentes.com.br\/shop\/product\/saquinho-de-tecido-personalizado-batizado-menina-mod-2\/","title":{"rendered":"Saquinho de Tecido Personalizado \u2013 Batizado Menina Mod 2"},"content":{"rendered":"<p>Transforme momentos especiais em lembran\u00e7as eternas com nosso exclusivo Saquinho de Tecido Personalizado \u2013 Batizado Menina Mod 2!<br \/>\nCada pe\u00e7a \u00e9 feita sob medida para celebrar com delicadeza e carinho os momentos mais importantes da sua vida.<\/p>\n<p>\u2728 Detalhes do Produto:<br \/>\n&#8211; Material: Tecido Oxford creme (Gramatura 142g\/m\u00b2)<br \/>\n&#8211; Tamanho: 11 cm (largura) x 17 cm (altura) (pequena varia\u00e7\u00e3o de at\u00e9 1 cm devido \u00e0 costura artesanal)<br \/>\n&#8211; Estampa: Sublima\u00e7\u00e3o digital de alta resolu\u00e7\u00e3o \u2013 cores vivas e dur\u00e1veis<br \/>\n&#8211; \u00c1rea de Personaliza\u00e7\u00e3o: 10 cm (largura) x 8,5 cm (altura)<br \/>\n&#8211; Cord\u00e3o incluso para amarra\u00e7\u00e3o (feita pelo cliente)<br \/>\n&#8211; Produ\u00e7\u00e3o artesanal, acabamento sofisticado<\/p>\n<p>\ud83c\udf81 Ideal para:<br \/>\nBatizados, Casamentos, Anivers\u00e1rios, Maternidade, Ch\u00e1 de Beb\u00ea e muito mais!<br \/>\nPerfeito para embalar doces, ter\u00e7os, am\u00eandoas, pequenas lembran\u00e7as ou mimos especiais.<\/p>\n<p>\ud83d\udd8c\ufe0f Personaliza\u00e7\u00e3o Exclusiva:<br \/>\n&#8211; Personalizamos com imagem, nome e idade.<br \/>\n&#8211; Aceitamos artes exclusivas enviadas por voc\u00ea!<\/p>\n<p>Prazo de confec\u00e7\u00e3o: at\u00e9 5 dias \u00fateis.<br \/>\nUma lembran\u00e7a feita com amor, para tornar seu evento inesquec\u00edvel! \ud83d\udc96<\/p>\n","protected":false},"excerpt":{"rendered":"<p>Saquinho personalizado em tecido Oxford &#8211; modelo Batizado Menina Mod 2.<\/p>\n","protected":false},"featured_media":128,"comment_status":"open","ping_status":"closed","template":"","meta":[],"product_brand":[],"product_cat":[15],"product_tag":[],"class_list":{"0":"post-66","1":"product","2":"type-product","3":"status-publish","4":"has-post-thumbnail","6":"product_cat-uncategorized","8":"first","9":"instock","10":"sale","11":"taxable","12":"shipping-taxable","13":"purchasable","14":"product-type-simple"},"_links":{"self":[{"href":"https:\/\/arpresentes.com.br\/shop\/wp-json\/wp\/v2\/product\/66","targetHints":{"allow":["GET"]}}],"collection":[{"href":"https:\/\/arpresentes.com.br\/shop\/wp-json\/wp\/v2\/product"}],"about":[{"href":"https:\/\/arpresentes.com.br\/shop\/wp-json\/wp\/v2\/types\/product"}],"replies":[{"embeddable":true,"href":"https:\/\/arpresentes.com.br\/shop\/wp-json\/wp\/v2\/comments?post=66"}],"wp:featuredmedia":[{"embeddable":true,"href":"https:\/\/arpresentes.com.br\/shop\/wp-json\/wp\/v2\/media\/128"}],"wp:attachment":[{"href":"https:\/\/arpresentes.com.br\/shop\/wp-json\/wp\/v2\/media?parent=66"}],"wp:term":[{"taxonomy":"product_brand","embeddable":true,"href":"https:\/\/arpresentes.com.br\/shop\/wp-json\/wp\/v2\/product_brand?post=66"},{"taxonomy":"product_cat","embeddable":true,"href":"https:\/\/arpresentes.com.br\/shop\/wp-json\/wp\/v2\/product_cat?post=66"},{"taxonomy":"product_tag","embeddable":true,"href":"https:\/\/arpresentes.com.br\/shop\/wp-json\/wp\/v2\/product_tag?post=66"}],"curies":[{"name":"wp","href":"https:\/\/api.w.org\/{rel}","templated":true}]}}